{"id":64,"date":"2021-04-16T00:56:00","date_gmt":"2021-04-15T23:56:00","guid":{"rendered":"https:\/\/sexoempt.com\/?page_id=64"},"modified":"2021-05-04T17:29:19","modified_gmt":"2021-05-04T16:29:19","slug":"termos-e-condicoes","status":"publish","type":"page","link":"https:\/\/sexoempt.com\/?page_id=64","title":{"rendered":"Termos e condi\u00e7\u00f5es"},"content":{"rendered":"\t\t<div data-elementor-type=\"wp-page\" data-elementor-id=\"64\" class=\"elementor elementor-64\">\n\t\t\t\t\t\t<section class=\"has_eae_slider elementor-section elementor-top-section elementor-element elementor-element-b01de14 elementor-section-boxed elementor-section-height-default elementor-section-height-default exad-glass-effect-no exad-sticky-section-no\" data-eae-slider=\"18642\" data-id=\"b01de14\" data-element_type=\"section\">\n\t\t\t\t\t\t<div class=\"elementor-container elementor-column-gap-default\">\n\t\t\t\t\t<div class=\"has_eae_slider elementor-column elementor-col-100 elementor-top-column elementor-element elementor-element-8416c13 exad-glass-effect-no exad-sticky-section-no\" data-eae-slider=\"23235\" data-id=\"8416c13\" data-element_type=\"column\">\n\t\t\t<div class=\"elementor-widget-wrap elementor-element-populated\">\n\t\t\t\t\t\t<div class=\"elementor-element elementor-element-799e11e exad-sticky-section-no exad-glass-effect-no elementor-widget elementor-widget-heading\" data-id=\"799e11e\" data-element_type=\"widget\" data-widget_type=\"heading.default\">\n\t\t\t\t<div class=\"elementor-widget-container\">\n\t\t\t\t\t<h2 class=\"elementor-heading-title elementor-size-default\">Termos e condi\u00e7\u00f5es<\/h2>\t\t\t\t<\/div>\n\t\t\t\t<\/div>\n\t\t\t\t\t<\/div>\n\t\t<\/div>\n\t\t\t\t\t<\/div>\n\t\t<\/section>\n\t\t\t\t<section class=\"has_eae_slider elementor-section elementor-top-section elementor-element elementor-element-5ff4f5fb elementor-section-boxed elementor-section-height-default elementor-section-height-default exad-glass-effect-no exad-sticky-section-no\" data-eae-slider=\"10936\" data-id=\"5ff4f5fb\" data-element_type=\"section\">\n\t\t\t\t\t\t<div class=\"elementor-container elementor-column-gap-default\">\n\t\t\t\t\t<div class=\"has_eae_slider elementor-column elementor-col-100 elementor-top-column elementor-element elementor-element-6c7a87a exad-glass-effect-no exad-sticky-section-no\" data-eae-slider=\"76937\" data-id=\"6c7a87a\" data-element_type=\"column\">\n\t\t\t<div class=\"elementor-widget-wrap elementor-element-populated\">\n\t\t\t\t\t\t<div class=\"elementor-element elementor-element-700455c5 exad-sticky-section-no exad-glass-effect-no elementor-widget elementor-widget-text-editor\" data-id=\"700455c5\" data-element_type=\"widget\" data-widget_type=\"text-editor.default\">\n\t\t\t\t<div class=\"elementor-widget-container\">\n\t\t\t\t\t\t\t\t\t<p><\/p>\n<p><\/p>\n<p><\/p>\n<p>Por favor leia com aten\u00e7\u00e3o os termos e condi\u00e7\u00f5es que se encontram abaixo. Se continuar a utilizar o site ap\u00f3s a leitura destes termos e condi\u00e7\u00f5es, ent\u00e3o o utilizador do site concorda na \u00edntegra com estes termos. No caso de n\u00e3o estar de acordo com a totalidade ou parte destes termos e condi\u00e7\u00f5es, ent\u00e3o solicita-se ao utilizador do site que abandone a sua navega\u00e7\u00e3o.<\/p>\n<p><\/p>\n<p><\/p>\n<p>Caso aceite os termos e condi\u00e7\u00f5es, seja bem vindo ao portal &#8220;Sexo em PT&#8221;!<\/p>\n<p><\/p>\n<p><\/p>\n<p>O site &#8220;SexoemPt.com&#8221; informa:<\/p>\n<p><b>1. Conceitos<\/b><\/p>\n<p>Site: SexoemPT.com<\/p>\n<p>Administra\u00e7\u00e3o: respons\u00e1veis pela produ\u00e7\u00e3o \/ edi\u00e7\u00e3o do site &#8220;SexoemPT.com&#8221;<\/p>\n<p>Utilizador: pessoa que navega no site<\/p>\n<p>Terceiro: entidade externa ao site, que directa ou indirectamente produz e disponibiliza informa\u00e7\u00f5es a serem publicadas no site &#8220;SexoemPT.com&#8221;<\/p>\n<p><\/p>\n<p><\/p>\n<p><strong>2. Idade &#8211; Restri\u00e7\u00e3o legal<\/strong><\/p>\n<p><\/p>\n<p><\/p>\n<p>Este \u00e9 um site com conte\u00fado adulto. \u00c9 reservada a admiss\u00e3o a maiores de idade (18 anos em Portugal). Caso o utilizador n\u00e3o cumpra este requisito, a administra\u00e7\u00e3o do site &#8220;SexoemPT.com&#8221; solicita que abandone a sua navega\u00e7\u00e3o, n\u00e3o podendo ser responsabilizada pela viola\u00e7\u00e3o desta regra.<\/p>\n<p><\/p>\n<p><\/p>\n<p><strong>3. Conte\u00fado disponibilizado<\/strong><\/p>\n<p>Sobre o con<strong>te\u00fado disponibilizado pelo site &#8220;SexoemPT.com&#8221;:<br \/><\/strong><\/p>\n<p><\/p>\n<p><\/p>\n<p>\u00a0a) Algum do conte\u00fado disponibilizado poder\u00e1 ser considerado como sexualmente expl\u00edcito. A todos os utilizadores do site que n\u00e3o se sintam confort\u00e1veis com este tipo de conte\u00fado solicita-se que abandonem a navega\u00e7\u00e3o do site &#8220;SexoemPT.com&#8221;. Os intervenientes em qualquer tipo de suporte multim\u00e9dia que seja disponibilizado pelo site s\u00e3o legalmente maiores de idade e n\u00e3o \u00e9 admiss\u00edvel qualquer tipo de conte\u00fado que envolva menores de idade, viol\u00eancia ou qualquer tipo de conte\u00fado n\u00e3o considerado legal nos termos da lei.<\/p>\n<p>b) Os conte\u00fados disponibilizados pelo direct\u00f3rio (lista de sites \/ eventos \/ produtos \/ &#8230;) s\u00e3o perten\u00e7a dos seus respectivos propriet\u00e1rios, estando todos os direitos de propriedade intelectual e industrial reservados aos seus respectivos propriet\u00e1rios e salvaguardados de acordo com as leis em vigor. O objectivo do portal \u00e9 divulgar servi\u00e7os e actividades ligadas ao sexo em Portugal sendo por isso parte da informa\u00e7\u00e3o recolhida nos sites que est\u00e3o a ser apresentados ou enviada pelos seus respectivos propriet\u00e1rios. No caso do propriet\u00e1rio n\u00e3o concordar com o conte\u00fado disponibilizado sobre o seu site \/ evento \/ produto ent\u00e3o deve comunicar por escrito usando para isso a nossa p\u00e1gina de <a href=\"https:\/\/sexoempt.com\/?page_id=14\" target=\"_blank\" rel=\"noopener\">Contacto<\/a> de forma a ser rectificada \/ removida de acordo com as instru\u00e7\u00f5es fornecidas pelo propriet\u00e1rio ou seu representante legal.<\/p>\n<p>c) O conte\u00fado disponibilizado que n\u00e3o \u00e9 propriedade ou produzido por terceiros, \u00e9 propriedade da administra\u00e7\u00e3o do site &#8220;SexoemPT.com&#8221; que \u00e9 sua legal detentora no que diz respeito aos direitos de autor.<\/p>\n<p><b>4. Garantias legais<br \/><\/b><\/p>\n<p>A administra\u00e7\u00e3o do site &#8220;SexoemPT.com&#8221; n\u00e3o oferece qualquer tipo de garantia sobre a informa\u00e7\u00e3o fornecida por terceiros e publicada no site. O site &#8220;SexoemPT.com&#8221; dever\u00e1 ser visto como um servi\u00e7o informativo e toda e qualquer opini\u00e3o emitida por terceiros quer no site &#8220;SexoemPT.com&#8221; quer nos sites apresentados n\u00e3o reflecte a opini\u00e3o da administra\u00e7\u00e3o do site &#8220;SexoemPT.com&#8221;, n\u00e3o podendo esta ser responsabilizada pelas opini\u00f5es expressas em sites externos ao &#8220;SexoemPT.com&#8221; ou por utilizadores registados no &#8220;SexoemPT.com&#8221;<\/p>\n<p><b>5. Responsabilidade legal<\/b><\/p>\n<p>Dado n\u00e3o ser propriet\u00e1ria dos sites apresentados no direct\u00f3rio, a administra\u00e7\u00e3o do site &#8220;SexoemPT.com&#8221; n\u00e3o pode ser responsabilizada por qualquer transac\u00e7\u00e3o, danos ou perdas ou qualquer quest\u00e3o legal surgida nos sites apresentados no &#8220;SexoemPT.com&#8221;. Todo e qualquer lit\u00edgio ter\u00e1 de ser resolvido com os respectivos propriet\u00e1rios ou representantes legais dos sites.<\/p>\n<p><b>6. Publicidade e liga\u00e7\u00f5es externas<br \/><\/b><\/p>\n<p>No site &#8220;SexoemPT.com&#8221; \u00e9 apresentada publicidade a sites \/ servi\u00e7os \/ produtos externos ao &#8220;SexoemPT.com&#8221;. Todo o conte\u00fado disponibilizado \u00e9 da inteira responsabilidade dos anunciantes. A administra\u00e7\u00e3o do site &#8220;SexoemPT.com&#8221; n\u00e3o pode ser responsabilizada por qualquer lit\u00edgio com os anunciantes bem como por informa\u00e7\u00e3o incorrecta ou enganadora distribu\u00edda pelo anunciante. Esta regra tamb\u00e9m se aplica a qualquer link externo existente no site &#8220;SexoemPT.com&#8221;.<\/p>\n<p><b>7. Protec\u00e7\u00e3o de dados<\/b><\/p>\n<p>Todos os dados de utilizadores recolhidos pelo site &#8220;SexoemPT.com&#8221; ser\u00e3o tratados de forma confidencial. Nos termos da lei, os utilizadores t\u00eam o direito de acesso e rectifica\u00e7\u00e3o dos seus dados. Para isso, ter\u00e3o de contactar a administra\u00e7\u00e3o do site &#8220;SexoemPT.com&#8221; atrav\u00e9s dos canais fornecidos na p\u00e1gina &#8220;Contactos&#8221;<\/p>\n<p><b>8. Cookies<\/b><\/p>\n<p>O site &#8220;Sexoempt.com&#8221; utiliza ficheiros de dados vulgarmente designados por cookies que ficam armazenados no navegador do utilizador do site. O objectivo destes ficheiros \u00e9 personalizar as prefer\u00eancias dos utilizadores, de forma a garantir uma mais r\u00e1pida e eficiente utiliza\u00e7\u00e3o do site &#8220;SexoemPT.com&#8221; nas pr\u00f3ximas visitas. A qualquer momento o utilizador tem a capacidade de eliminar os cookies guardados localmente atrav\u00e9s das v\u00e1rias op\u00e7\u00f5es do seu navegador de internet.<\/p>\n<p><b>9. Altera\u00e7\u00e3o de termos e condi\u00e7\u00f5es<\/b><\/p>\n<p>A administra\u00e7\u00e3o do site &#8220;SexoemPT.com&#8221; reserva-se ao direito de alterar estes termos e condi\u00e7\u00f5es, sem qualquer aviso pr\u00e9vio.<\/p>\n<p>\u00a0<\/p>\n<p>Divirta-se no nosso site&#8230; a vida s\u00e3o 2 dias e um deles j\u00e1 passou!<\/p>\n<p>A administra\u00e7\u00e3o do SexoemPT<\/p>\n<p>\u00a0<\/p>\n<p><\/p>\n<p><\/p>\n<p><\/p>\n<p><\/p>\n<p><\/p>\t\t\t\t\t\t\t\t<\/div>\n\t\t\t\t<\/div>\n\t\t\t\t\t<\/div>\n\t\t<\/div>\n\t\t\t\t\t<\/div>\n\t\t<\/section>\n\t\t\t\t<\/div>\n\t\t","protected":false},"excerpt":{"rendered":"<p>Termos e condi\u00e7\u00f5es Por favor leia com aten\u00e7\u00e3o os termos e condi\u00e7\u00f5es que se encontram abaixo. Se continuar a utilizar<\/p>\n","protected":false},"author":3,"featured_media":0,"parent":0,"menu_order":0,"comment_status":"closed","ping_status":"closed","template":"","meta":{"colormag_page_container_layout":"no_sidebar_full_width","colormag_page_sidebar_layout":"no_sidebar","footnotes":""},"class_list":["post-64","page","type-page","status-publish","hentry"],"_links":{"self":[{"href":"https:\/\/sexoempt.com\/index.php?rest_route=\/wp\/v2\/pages\/64","targetHints":{"allow":["GET"]}}],"collection":[{"href":"https:\/\/sexoempt.com\/index.php?rest_route=\/wp\/v2\/pages"}],"about":[{"href":"https:\/\/sexoempt.com\/index.php?rest_route=\/wp\/v2\/types\/page"}],"author":[{"embeddable":true,"href":"https:\/\/sexoempt.com\/index.php?rest_route=\/wp\/v2\/users\/3"}],"replies":[{"embeddable":true,"href":"https:\/\/sexoempt.com\/index.php?rest_route=%2Fwp%2Fv2%2Fcomments&post=64"}],"version-history":[{"count":33,"href":"https:\/\/sexoempt.com\/index.php?rest_route=\/wp\/v2\/pages\/64\/revisions"}],"predecessor-version":[{"id":639,"href":"https:\/\/sexoempt.com\/index.php?rest_route=\/wp\/v2\/pages\/64\/revisions\/639"}],"wp:attachment":[{"href":"https:\/\/sexoempt.com\/index.php?rest_route=%2Fwp%2Fv2%2Fmedia&parent=64"}],"curies":[{"name":"wp","href":"https:\/\/api.w.org\/{rel}","templated":true}]}}